e 9.
-6565300
Convert 4955 (base 12) to base 3.
102100102
What is -3413247 (base 8) in base 16?
-e16a7
What is -1201221220122 (base 3) in base 16?
-e1a94
Convert 100010001001000100101 (base 2) to base 5.
241300012
126a157 (base 11) to base 16
217e3a
Convert -19984 (base 13) to base 11.
-345a1
What is 9b370 (base 15) in base 14?
cbc02
Convert -374353 (base 9) to base 6.
-4503333
Convert 186a84 (base 12) to base 4.
1220022010
Convert -6765455 (base 8) to base 15.
-2621d7
Convert 49609d (base 14) to base 8.
11455353
63b635 (base 12) to base 11
986451
Convert a6b1c (base 14) to base 15.
7e53b
Convert -1127453 (base 9) to base 11.
-386686
What is -1289 (base 10) in base 11?
-a72
1121400023 (base 5) to base 4
21221032022
Convert 123733 (base 10) to base 4.
132031111
394645 (base 10) to base 8
1402625
1101011110011100010 (base 2) to base 6
13244150
-3883042 (base 9) to base 16
-205ed4
-200031001 (base 4) to base 12
-64401
-1430432 (base 7) to base 13
-696b3
-2d8 (base 14) to base 13
-35a
32130322 (base 4) to base 10
59194
1102242402 (base 5) to base 8
11060346
What is 30111663 (base 7) in base 6?
125214103
254045 (base 6) to base 11
16251
Convert 5348493 (base 10) to base 3.
101001201202100
What is -1046960 (base 11) in base 14?
-35c402
-120b8 (base 13) to base 6
-413134
Convert 1d76a (base 16) to base 2.
11101011101101010
-4001340011 (base 5) to base 4
-131322010012
What is -2662 (base 8) in base 12?
-a16
61024014 (base 7) to base 6
300321300
What is -7456120 (base 10) in base 14?
-dc1360
What is -446726 (base 9) in base 6?
-5421553
What is -398437 (base 11) in base 9?
-1153750
Convert -322232122103 (base 4) to base 12.
-51a49ab
bf4d (base 16) to base 6
1014421
-130333030101 (base 4) to base 8
-34771421
Convert -9692b0 (base 12) to base 16.
-245064
What is 17a269 (base 12) in base 15?
81e73
Convert -48335 (base 16) to base 5.
-33430413
-203361 (base 7) to base 14
-c9a1
-77227 (base 9) to base 10
-51217
Convert -40043140 (base 5) to base 12.
-132650
624546 (base 7) to base 12
52113
What is 79816 (base 10) in base 8?
233710
-1012002211010 (base 3) to base 13
-191817
-514487 (base 10) to base 15
-a2692
3570 (base 12) to base 15
1b93
Convert 849f4 (base 16) to base 4.
2010213310
Convert 112323100 (base 4) to base 9.
152727
What is -326324 (base 7) in base 10?
-57446
Convert 100022202210 (base 3) to base 12.
8a270
What is -34041412 (base 5) in base 6?
-10231023
41332241 (base 5) to base 15
6a9b6
14126346 (base 10) to base 2
110101111000110100001010
What is -24f75 (base 16) in base 11?
-a3839
What is -110a16 (base 13) in base 11?
-254778
Convert 8804a7 (base 14) to base 8.
21455443
What is -12409 (base 11) in base 10?
-17796
What is -1154 (base 16) in base 6?
-32312
100114020 (base 6) to base 8
6343734
Convert 1111101111110001 (base 2) to base 4.
33233301
What is -156513626 (base 7) in base 16?
-a2e7dd
What is -226b22 (base 12) in base 10?
-551114
What is -202048 (base 9) in base 12?
-59268
32134541 (base 6) to base 9
1701417
Convert -1100011110100101111 (base 2) to base 7.
-3322032
-2313432344 (base 5) to base 4
-103321320321
Convert -2b8091 (base 12) to base 8.
-2644555
What is -116064 (base 12) in base 6?
-10000204
122220222111 (base 3) to base 6
11321234
Convert -203d1 (base 16) to base 8.
-401721
1001202220101012 (base 3) to base 5
12403314104
Convert -10220200211000 (base 3) to base 13.
-57ac32
2620443 (base 9) to base 13
3b125b
Convert 73556 (base 9) to base 13.
19152
Convert -1105 (base 6) to base 3.
-100112
21301110 (base 5) to base 14
4a177
1110100100000101000011 (base 2) to base 6
213454551
121023023233 (base 4) to base 6
353240451
What is 67332 (base 14) in base 5?
31002321
Convert -55110146 (base 8) to base 6.
-1101344250
Convert -10411003 (base 5) to base 3.
-11122100101
-2d72 (base 14) to base 11
-6127
Convert 12260106 (base 7) to base 8.
4161744
What is -86db18 (base 15) in base 10?
-6425123
851d33 (base 16) to base 12
2b08583
Convert -3096071 (base 10) to base 13.
-8452c4
230330112 (base 4) to base 7
1364460
What is 259b6 (base 13) in base 15?
15a1c
162078 (base 12) to base 7
3126350
What is 13443000 (base 5) in base 7?
1123154
Convert f5edc (base 16) to base 5.
224213244
What is -228874 (base 9) in base 8?
-415047
Convert 120122323 (base 5) to base 11.
347464
Convert 2bbc0 (base 14) to base 11.
75170
Convert 506467 (base 16) to base 10.
5268583
What is 23201221103 (base 4) in base 14?
58913d
11110111001111011 (base 2) to base 3
20102122102
What is -6623208 (base 9) in base 11?
-2010547
Convert -6698321 (base 10) to base 9.
-13538328
What is -121213112 (base 5) in base 10?
-569782
What is 4311147 (base 8) in base 12?
47651b
Convert -a2d3b (base 14) to base 9.
-657052
Convert -23103415 (base 7) to base 15.
-29ce37
34a9be (base 15) to base 4
21212121203
Convert 5738354 (base 9) to base 10.
3096355
What is -152e5 (base 16) in base 9?
-142006
-15409294 (base 10) to base 6
-1310135154
Convert 121213000 (base 4) to base 14.
2a328
abf6ed (base 16) to base 3
210012120100120
What is -33605253 (base 7) in base 3?
-12111200002100
Convert 11434203 (base 5) to base 14.
2b86a
Convert -a700 (base 11) to base 2.
-11011101001101
Convert -78b4a (base 14) to base 10.
-293086
What is 3666415 (base 7) in base 10?
470461
What is 56a5a3 (base 12) in base 9?
2543166
What is -3271 (base 15) in base 11?
-8030
What is 1652051 (base 7) in base 8?
703462
Convert 31640306 (base 8) to base 5.
3213014130
-3304511 (base 8) to base 16
-d8949
What is -1cb30b (base 13) in base 7?
-6164450
What is -13744760 (base 8) in base 9?
-5803125
What is 1c2466b (base 13) in base 6?
532215550
-248454 (base 10) to base 14
-6678a
-3aa304a (base 11) to base 5
-3302410100
Convert 2542068 (base 10) to base 6.
130252500
-110111101110010 (base 2) to base 7
-146115
-101111100110001001111110 (base 2) to base 13
-277b195
d5b86 (base 16) to base 4
3111232012
105143 (base 7) to base 3
221111222
What is -126340 (base 14) in base 2?
-10011010001111010100
What is 8d32a (base 14) in base 16?
53e4a
-1126630 (base 8) to base 7
-2414555
What is -2d4462 (base 15) in base 8?
-10270007
Convert -1369c4 (base 15) to base 4.
-3203331031
What is -823317 (base 9) in base 8?
-1671030
Convert -1123146 (base 8) to base 2.
-1001010011001100110
1323425 (base 6) to base 7
423644
Convert 3125155 (base 9) to base 3.
10010212011212
What is 48115c (base 14) in base 10?
2461646
12143034 (base 5) to base 15
242ce
Convert -9780 (base 10) to base 7.
-40341
334012 (base 7) to base 10
59005
What is a3515 (base 12) in base 16?
34121
Convert a49532 (base 14) to base 3.
101110100121221
Convert -1631954 (base 11) to base 15.
-39ee7e
25fdd (base 16) to base 4
211333131
What is 631043 (base 11) in base 7?
11412202
What is 6f2a1 (base 16) in base 4?
1233022201
-3032031000 (base 4) to base 13
-23758b
c0ec6c (base 15) to base 7
140610660
-1115025 (base 7) to base 5
-13413331
Convert -330131001 (base 4) to base 6.
-5150213
404166 (base 7) to base 15
1554c
Convert c790 (base 14) to base 3.
1202020001
101033303 (base 4) to base 8
211763
Convert -a8abe0 (base 16) to base 6.
-1032532052
What is 2a5c529 (base 13) in base 14?
1b2523b
-371514 (base 8) to base 11
-88040
What is -18c60e (base 15) in base 10?
-1206239
Convert 1121223113 (base 5) to base 16.
26818d
Convert 1056314 (base 7) to base 3.
20200220002
-1375243 (base 11) to base 6
-122401041
What is -6788 (base 15) in base 8?
-52701
593a608 (base 11) to base 8
47424457
What is -1071364 (base 11) in base 7?
-21641561
1002212222 (base 3) to base 14
7d24
What is 1664c33 (base 13) in base 14?
d65459
Convert -10301113 (base 5) to base 2.
-10101011001101010
What is 1072912 (base 11) in base 6?
104125324
1803772 (base 12) to base 6
254445022
-7416710 (base 9) to base 16
-3c8b32
What is -2520050 (base 7) in base 6?
-10540442
Convert -737150 (base 11) to base 15.
-184cd3
-2b9dd (base 16) to base 13
-63417
What is 102120101221 (base 3) in base 6?
4514211
Convert -352239 (base 10) to base 7.
-2664636
What is -20302330133 (base 4) in base 5?
-1042241243
Convert 42679a (base 14) to base 10.
2246100
Convert -71b26e (base 16) to base 13.
-170b72a
Convert 3a248a (base 13) to base 12.
578a81
What is -110000111110100100100 (base 2) in base 4?
-12013310210
Convert 569477 (base 12) to base 15.
1c549a
Co